ine y(-5).
2
Let c(p) = 2*p**3 + 41*p**2 + 43*p + 370. Give c(-20).
-90
Let c(m) = -m**3 + 79*m**2 - 96*m + 1444. Determine c(78).
40
Let l(b) = 640*b + 2613. What is l(-4)?
53
Let b(z) = 68*z - 4205. Give b(62).
11
Let c(y) = y**3 - 66*y**2 - 67*y + 3. What is c(-1)?
3
Let j(x) = -x**3 - 46*x**2 - 64*x - 886. Determine j(-45).
-31
Let g(i) = -i**2 - 537*i - 2109. What is g(-4)?
23
Let g(o) = 119*o**2 + 6*o + 7. What is g(-1)?
120
Let i(n) = 4163*n - 49953. What is i(12)?
3
Let t(v) = v**3 - 9*v**2 + 38*v - 211. Determine t(8).
29
Let a(j) = 2*j**2 - 41*j + 84. What is a(19)?
27
Let p(q) = 647*q - 112573. Give p(174).
5
Let g(z) = -z**3 + 8*z**2 + 128*z - 28. Give g(16).
-28
Let b(g) = -3*g + 71. Calculate b(-11).
104
Let d(r) = -r**3 + 3*r**2 + 63*r - 255. Calculate d(5).
10
Let w(v) = -v**3 - 10*v**2 + 475*v + 3895. Determine w(-8).
-33
Let g(a) = -3*a**3 - 15*a**2 + 38*a + 54. Determine g(-1).
4
Let l(i) = 76*i - 66. What is l(0)?
-66
Let c(j) = 4*j**3 + 7*j**2 + 31*j + 60. Determine c(-4).
-208
Let y(q) = q**2 - 30*q + 110. Give y(6).
-34
Let w(u) = -2*u**3 + 14*u**2 + 7*u - 62. Determine w(7).
-13
Let h(a) = -30*a - 68. Determine h(-14).
352
Let c(k) = -535*k + 1611. What is c(3)?
6
Let g(o) = 38*o + 422. Calculate g(-13).
-72
Let p(o) = -66*o + 502. Determine p(8).
-26
Let m(a) = -2*a**3 + 62*a**2 - 63*a - 42. Give m(30).
-132
Let x(z) = -z**3 + 4*z**2 - 231*z + 884. What is x(4)?
-40
Let c(o) = 5*o**3 - 46*o**2 + 92*o + 2. Determine c(6).
-22
Let l(f) = f**3 - 13*f**2 - 18*f + 47. Give l(14).
-9
Let m(g) = -79*g - 64. Determine m(-1).
15
Let c(p) = 109*p**2 + 191*p - 5. Calculate c(-3).
403
Let m(p) = p**2 - 55*p + 412. Calculate m(9).
-2
Let k(i) = -19*i**2 - 16*i + 17. Determine k(2).
-91
Let t(p) = 21*p + 337. Give t(-12).
85
Let c(r) = -5*r**2 + 139*r - 32. What is c(27)?
76
Let l(t) = -33*t + 1206. Determine l(40).
-114
Let y(f) = -98*f - 385. What is y(-8)?
399
Let o(h) = -h**2 - 22*h - 108. Determine o(-17).
-23
Let x(s) = -8*s**2 + 179*s + 207. Determine x(22).
273
Let o(s) = -2*s**2 + 5*s + 25. Determine o(7).
-38
Let s(u) = 48*u**2 + 135*u + 20. What is s(-3)?
47
Let u(z) = 20075*z + 220822. What is u(-11)?
-3
Let u(t) = 2*t**3 + 48*t**2 - 2*t + 9. Give u(-24).
57
Let l(a) = 15*a**2 + 81*a - 13. Determine l(-5).
-43
Let p(g) = -47*g + 195. Calculate p(7).
-134
Let g(l) = -l**2 - 34*l + 5. Determine g(-36).
-67
Let a(w) = 9*w**2 - w - 16. Determine a(-6).
314
Let n(i) = 54*i + 1158. Determine n(-22).
-30
Let p(u) = 37*u**2 - 5108*u + 281. Give p(138).
5
Let n(m) = -76*m + 741. Calculate n(10).
-19
Let o(t) = 3*t**2 - 157*t - 138. Determine o(53).
-32
Let z(t) = 200*t - 305. Calculate z(-3).
-905
Let z(h) = -384*h - 2291. Give z(-6).
13
Let p(i) = -3013*i + 3059. What is p(1)?
46
Let t(o) = 48*o - 628. Determine t(15).
92
Let d(m) = m**2 + 10*m - 381. Determine d(-25).
-6
Let z(a) = a**2 + 134*a + 3079. Give z(-29).
34
Let t(z) = -73*z - 61. Determine t(-5).
304
Let c(j) = -j**3 + 204*j**2 - 977*j - 87. Give c(5).
3
Let m(w) = -3*w**2 + 46*w - 260. Calculate m(11).
-117
Let m(u) = 34*u - 236. Calculate m(7).
2
Let m(y) = -y**3 + 23*y**2 + 331*y - 35. What is m(33)?
-2
Let r(k) = k**2 - 6*k. Give r(5).
-5
Let v(i) = -2*i**2 + 26*i - 27. What is v(13)?
-27
Let s(i) = -16*i**2 + 1249*i + 86. Give s(78).
164
Let h(m) = 19*m**2 - 169*m + 7. Determine h(9).
25
Let g(c) = -98*c + 2934. What is g(30)?
-6
Let m(u) = u**3 + 20*u**2 + 21*u + 47. Calculate m(-19).
9
Let g(j) = -456*j - 1405. Calculate g(-3).
-37
Let a(z) = -5*z**2 + 22*z - 12. What is a(4)?
-4
Let a(x) = x**2 + 22*x - 54. Calculate a(-22).
-54
Let j(s) = 22*s + 826. Determine j(-37).
12
Let j(b) = -2*b**3 + 30*b**2 + 32*b - 5. Give j(16).
-5
Let d(q) = q**2 - 21*q - 174. Give d(0).
-174
Let g(d) = -4*d + 19. Give g(-6).
43
Let i(f) = -39*f + 269. Calculate i(6).
35
Let l(c) = 6*c**2 + 78*c + 51. Determine l(-12).
-21
Let w(o) = 53*o - 1267. Determine w(20).
-207
Let g(d) = -18*d**3 + 10*d**2 - 21*d - 7. Determine g(2).
-153
Let r(g) = -83*g**2. Calculate r(-1).
-83
Let o(k) = -k**2 + 2*k + 956. Calculate o(-30).
-4
Let c(q) = -3*q**2 - 515*q - 18867. What is c(-53)?
1
Let b(r) = -27*r - 114. Calculate b(6).
-276
Let l(z) = 3*z**2 + 300*z + 596. Give l(-2).
8
Let b(f) = 626*f - 9907. Give b(16).
109
Let i(b) = b**3 + 54*b**2 - 18. What is i(-54)?
-18
Let b(f) = -2*f**3 - 15*f**2 - 12*f - 35. Give b(-7).
0
Let u(t) = t**3 + 8*t**2 + 21*t - 6. What is u(-7)?
-104
Let d(q) = -2*q**3 - 19*q**2 - 50*q - 12. What is d(-5)?
13
Let q(g) = -156*g**2 + 1093*g + 8. Give q(7).
15
Let m(s) = -209*s + 12066. What is m(58)?
-56
Let q(d) = d**3 - 5*d**2 + 8*d - 67. Calculate q(6).
17
Let r(g) = -7*g**3 - 26*g**2 + 14*g + 14. Give r(-4).
-10
Let y(z) = 244*z + 8727. What is y(-36)?
-57
Let i(h) = h**3 + 14*h**2 + 21*h - 73. What is i(-11)?
59
Let p(m) = 3*m**3 - 55*m**2 - 41*m + 36. Calculate p(19).
-21
Let r(u) = 2*u**3 - 33*u**2 - 31*u + 754. Give r(16).
2
Let l(n) = -324*n - 43089. Calculate l(-133).
3
Let h(i) = -i**3 - 53*i**2 - 3*i - 105. Determine h(-53).
54
Let f(x) = 14*x**3 - x**2 - 5*x - 2. Determine f(-1).
-12
Let i(b) = 2*b**3 - 17*b**2 - 4*b - 51. Determine i(11).
510
Let n(c) = -c**2 + 14*c - 18. What is n(22)?
-194
Let m(j) = 2*j**3 + 94*j**2 - 194*j + 1. Calculate m(2).
5
Let f(n) = -2*n**3 + 58*n**2 + 53*n + 127. Determine f(30).
-83
Let u(c) = c**3 + 15*c**2 - 35*c + 5. Calculate u(-16).
309
Let y(l) = 5*l**2 - 53*l - 19. What is y(12)?
65
Let t(u) = u**2 + 40*u - 18. Give t(0).
-18
Let m(l) = -6*l - 38. Calculate m(-19).
76
Let c(r) = -r**3 + 120*r**2 + 85*r + 4356. Give c(121).
0
Let r(a) = -155*a - 317. What is r(-2)?
-7
Let l(i) = i**2 - 42*i + 289. Give l(32).
-31
Let t(i) = -17*i + 1261. What is t(80)?
-99
Let y(o) = 10*o**2 + 57*o - 23. Determine y(-6).
-5
Let a(u) = 2*u**2 - 52*u - 94. Determine a(27).
-40
Let k(w) = -w**2 + 22. Give k(-6).
-14
Let f(r) = -2*r**3 - 7*r**2 + 11*r + 30. Calculate f(-4).
2
Let w(i) = -i**2 + 30*i + 447. What is w(37)?
188
Let a(t) = -39*t**3 - 23*t**2 + 9*t - 2. Give a(-1).
5
Let y(n) = -2*n**3 - 8*n**2 - 29*n - 128. Calculate y(-4).
-12
Let k(t) = -t**3 - 17*t**2 + 41*t + 38. Calculate k(-19).
-19
Let j(g) = 39*g - 831. Calculate j(21).
-12
Let y(v) = -v**3 - 30*v**2 - 30*v + 12. Give y(-29).
41
Let y(j) = j**3 + 14*j**2 - 14*j + 31. Give y(-14).
227
Let h(w) = 8*w**2 - 21*w - 51. Determine h(-2).
23
Let j(v) = 147*v - 4848. Calculate j(33).
3
Let o(d) = 75*d - 967. Give o(13).
8
Let v(p) = p**2 - 58*p + 349. Calculate v(7).
-8
Let r(t) = -t**3 + 92*t**2 + 1138*t - 516. Give r(103).
-1
Let a(s) = 5*s**3 - 15*s**2 - 61*s + 209. Give a(4).
45
Let t(p) = -p**2 + p + 18. Determine t(-3).
6
Let v(q) = -41*q - 189. What is v(-11)?
262
Let q(a) = 49*a - 3865. Determine q(80).
55
Let u(v) = -3*v**2 - 549*v - 10. What is u(-183)?
-10
Let l(w) = 3*w**3 - 21*w**2 + 35*w - 18. What is l(5)?
7
Let t(a) = -201*a - 6419. Calculate t(-32).
13
Let r(g) = -14*g**3 + 55*g**2 - 18*g + 104. Calculate r(4).
16
Let k(t) = -t**2 - 45*t - 561. Determine k(-19).
-67
Let w(d) = d**2 + 118*d + 805. What is w(-8)?
-75
Let t(g) = 2*g**2 - 1074*g - 9835. Calculate t(-9).
-7
Let d(s) = 6*s**2 - 6*s - 232. Determine d(11).
428
Let i(k) = -k**3 + 20*k**2 - 40*k - 186. Give i(17).
1
Let r(l) = 205*l + 6562. What is r(-32)?
2
Let u(j) = 9*j + 30. Calculate u(-9).
-51
Let s(d) = 12*d**2 - 17*d + 4. Calculate s(2).
18
Let a(y) = 2*y**2 - 51*y - 1804. Determine a(45).
-49
Let s(i) = -i**2 + 11*i - 4. What is s(13)?
-30
Let p(j) = -362*j - 4701. Calculate p(-13).
5
Let c(t) = -4*t - 250. Determine c(-58).
-18
Let z(m) = -31*m + 794. Determine z(25).
19
Let q(o) = 2*o**3 - 17*o**2 - 21*o - 85. Calculate q(10).
5
Let v(k) = k**3 + 16*k**2 - 8*k + 13. Determine v(-17).
-140
Let p(g) = -2*g**2 - 84*g + 599. Determine p(-49).
-87
Let s(o) = o**3 - 14*o**2 - 61*o - 173. Give s(-8).
-1093
Let h(j) = -4*j**2 - 6*j - 5. Calculate h(8).
-309
Let t(q) = 306*q - 47421. Give t(155).
9
Let n(s) = 145*s**3 + 4*s**2 - 5*s. Give n(1).
144
Let b(n) = -165*n + 992. Calculate b(6).
2
Let p(l) = 6997*l**2 + 34988*l + 21. Determine p(-5).
6
Let m(n) = 24*n**2 + 189*n - 43. What is m(-8)?
-19
Let l(t) = -5*t**2 + 989*t - 704. Determine l(197).
84
Let x(q) = -q**2 + 178*q + 2291. Calculate x